{"id":266,"date":"2018-11-29T11:47:32","date_gmt":"2018-11-29T04:47:32","guid":{"rendered":"http:\/\/localhost\/web3b\/rocketbattery\/?page_id=266"},"modified":"2018-12-19T16:54:05","modified_gmt":"2018-12-19T09:54:05","slug":"chung-nhan-giai-thuong","status":"publish","type":"page","link":"https:\/\/khachhang4.web3b.com\/rocketbattery\/chung-nhan-giai-thuong\/","title":{"rendered":"Ch\u1ee9ng nh\u1eadn &#8211; Gi\u1ea3i th\u01b0\u1edfng"},"content":{"rendered":"<p>[vc_row][vc_column width=&#8221;9\/12&#8243;][vc_row_inner][vc_column_inner width=&#8221;1\/3&#8243;][vc_single_image image=&#8221;417&#8243; img_size=&#8221;large&#8221; alignment=&#8221;center&#8221; onclick=&#8221;link_image&#8221; title=&#8221;CH\u1ee8NG NH\u1eacN ISO 9001&#8243;][\/vc_column_inner][vc_column_inner width=&#8221;1\/3&#8243;][vc_single_image image=&#8221;419&#8243; img_size=&#8221;large&#8221; alignment=&#8221;center&#8221; onclick=&#8221;link_image&#8221; title=&#8221;CH\u1ee8NG NH\u1eacN ISO14001&#8243;][\/vc_column_inner][vc_column_inner width=&#8221;1\/3&#8243;][vc_single_image image=&#8221;421&#8243; img_size=&#8221;large&#8221; alignment=&#8221;center&#8221; onclick=&#8221;link_image&#8221; title=&#8221;CH\u1ee8NG NH\u1eacN TS 16949&#8243;][\/vc_column_inner][\/vc_row_inner][\/vc_column][vc_column width=&#8221;3\/12&#8243;][vc_wp_custommenu title=&#8221;GI\u1edaI THI\u1ec6U&#8221; nav_menu=&#8221;60&#8243;][\/vc_column][\/vc_row][vc_row][vc_column][vc_column_text]<span style=\"font-size: 20px; color: #ff9900;\"><strong>SINCE 2010~<\/strong><\/span><\/p>\n<p><span style=\"color: #339966;\"><strong>2015.10<\/strong><\/span><\/p>\n<p>Qu\u1ea3n l\u00fd tr\u00e1ch nhi\u1ec7m x\u00e3 h\u1ed9i \u0111\u01b0\u1ee3c trao gi\u1ea3i th\u01b0\u1edfng Qu\u1ea3n l\u00fd ch\u1ea5t l\u01b0\u1ee3ng<\/p>\n<p><span style=\"color: #339966;\"><strong>2014.12<\/strong><\/span><\/p>\n<p>Nh\u1eadn gi\u1ea3i th\u01b0\u1edfng Th\u00e1p xu\u1ea5t kh\u1ea9u tr\u1ecb gi\u00e1 600 tri\u1ec7u USD<\/p>\n<p><span style=\"color: #339966;\"><strong>2010.02<\/strong><\/span><\/p>\n<p>Gi\u1ea3i th\u01b0\u1edfng C\u00f4ng ngh\u1ec7 xanh to\u00e0n qu\u1ed1c l\u1ea7n th\u1ee9 1<\/p>\n<p><span style=\"color: #339966;\"><strong>2010.11<\/strong><\/span><\/p>\n<p>Nh\u1eadn gi\u1ea3i th\u01b0\u1edfng Th\u00e1p xu\u1ea5t kh\u1ea9u tr\u1ecb gi\u00e1 400 tri\u1ec7u USD<\/p>\n<p><span style=\"font-size: 20px; color: #ffcc00;\"><strong>SINCE 2001 &#8211; 2009<\/strong><\/span><\/p>\n<p><span style=\"color: #339966;\"><strong>2000.04<\/strong><\/span><\/p>\n<p>Gi\u1ea3i th\u01b0\u1edfng bao b\u00ec c\u00f4ng nghi\u1ec7p (nh\u00e0 m\u00e1y Qu\u1ea3ng Ch\u00e2u)<\/p>\n<p><span style=\"color: #339966;\"><strong>2000,09<\/strong><\/span><\/p>\n<p>Gi\u1ea3i th\u01b0\u1edfng h\u00e0ng \u0111\u1ea7u c\u1ee7a KS<\/p>\n<p><span style=\"color: #339966;\"><strong>2001.04<\/strong><\/span><\/p>\n<p>Gi\u1ea3i th\u01b0\u1edfng h\u00e0ng \u0111\u1ea7u c\u1ee7a KS<\/p>\n<p><span style=\"color: #339966;\"><strong>2002,01<\/strong><\/span><\/p>\n<p>Gi\u1ea3i th\u01b0\u1edfng l\u1edbn c\u1ee7a KS<\/p>\n<p><span style=\"color: #339966;\"><strong>2002.03<\/strong><\/span><\/p>\n<p>Gi\u1ea3i th\u01b0\u1edfng Bao b\u00ec c\u00f4ng nghi\u1ec7p cho T\u1ed5ng th\u1ed1ng c\u1ee7a Ng\u01b0\u1eddi \u0111\u00f3ng thu\u1ebf l\u1ea7n th\u1ee9 36<\/p>\n<p><span style=\"color: #339966;\"><strong>2002.10<\/strong><\/span><\/p>\n<p>Gi\u1ea3i th\u01b0\u1edfng l\u1edbn c\u1ee7a KS<\/p>\n<p><span style=\"color: #339966;\"><strong>2003,08<\/strong><\/span><\/p>\n<p>Ch\u1ee9ng nh\u1eadn nh\u00e0 m\u00e1y \u0111i\u1ec7n h\u1ea1t nh\u00e2n KEPIC C\u1ea5p 1<\/p>\n<p><span style=\"color: #339966;\"><strong>2003.12<\/strong><\/span><\/p>\n<p>Nh\u00e0 m\u00e1y Gwangju ch\u1ee9ng nh\u1eadn KFQ ISO \/ TS 16949<\/p>\n<p><span style=\"color: #339966;\"><strong>2003.12<\/strong><\/span><\/p>\n<p>Nh\u00e0 m\u00e1y Gwangju ch\u1ee9ng nh\u1eadn ISO 14001<\/p>\n<p><span style=\"color: #339966;\"><strong>2005,08<\/strong><\/span><\/p>\n<p>\u0110\u00e1nh d\u1ea5u m\u00f4i tr\u01b0\u1eddng s\u1ea3n ph\u1ea9m CGS<\/p>\n<p><span style=\"color: #339966;\"><strong>2005.11<\/strong><\/span><\/p>\n<p>\u0110\u01b0\u1ee3c ch\u1ecdn l\u00e0 m\u1ed9t c\u00f4ng ty c\u1ea1nh tranh ch\u1ea5t l\u01b0\u1ee3ng tuy\u1ec7t v\u1eddi c\u1ee7a B\u1ed9 Th\u01b0\u01a1ng m\u1ea1i, C\u00f4ng nghi\u1ec7p v\u00e0 N\u0103ng l\u01b0\u1ee3ng<\/p>\n<p><span style=\"color: #339966;\"><strong>2006,09<\/strong><\/span><\/p>\n<p>Gi\u1ea3i th\u01b0\u1edfng c\u00f4ng ngh\u1ec7 Dasan<\/p>\n<p><span style=\"color: #339966;\"><strong>2006.10<\/strong><\/span><\/p>\n<p>\u0110\u01b0\u1ee3c trao gi\u1ea3i th\u01b0\u1edfng c\u1ee7a B\u1ed9 Khoa h\u1ecdc &amp; C\u00f4ng ngh\u1ec7<\/p>\n<p><span style=\"color: #339966;\"><strong>2006.11<\/strong><\/span><\/p>\n<p>Nh\u1eadn \u0111\u01b0\u1ee3c khen th\u01b0\u1edfng c\u1ee7a t\u1ed5ng th\u1ed1ng cho cu\u1ed9c thi qu\u1ea3n l\u00fd ch\u1ea5t l\u01b0\u1ee3ng qu\u1ed1c gia<\/p>\n<p><span style=\"color: #339966;\"><strong>2006.11<\/strong><\/span><\/p>\n<p>\u0110\u00e1nh d\u1ea5u m\u00f4i tr\u01b0\u1eddng cho c\u00e1c s\u1ea3n ph\u1ea9m UXL, MSB v\u00e0 ES<\/p>\n<p><span style=\"color: #339966;\"><strong>2007.02<\/strong><\/span><\/p>\n<p>\u0110\u01b0\u1ee3c trao gi\u1ea3i th\u01b0\u1edfng xu\u1ea5t s\u1eafc trong gi\u1ea3i th\u01b0\u1edfng h\u1ee3p t\u00e1c qu\u1ea3n l\u00fd lao \u0111\u1ed9ng<\/p>\n<p><span style=\"color: #339966;\"><strong>2007,08<\/strong><\/span><\/p>\n<p>Ch\u1ee9ng nh\u1eadn pin niken-hydro c\u00f4ng ngh\u1ec7 m\u1edbi (NET)<\/p>\n<p><span style=\"color: #339966;\"><strong>2007,09<\/strong><\/span><\/p>\n<p>Cu\u1ed9c thi \u0111\u1ed5i m\u1edbi n\u0103ng su\u1ea5t qu\u1ed1c gia \u0111\u00e3 gi\u00e0nh \u0111\u01b0\u1ee3c Hu\u00e2n ch\u01b0\u01a1ng d\u1ecbch v\u1ee5 c\u00f4ng nghi\u1ec7p b\u1eb1ng b\u1ea1c<\/p>\n<p><span style=\"color: #339966;\"><strong>2007.12<\/strong><\/span><\/p>\n<p>Gi\u1ea3i th\u01b0\u1edfng l\u1edbn Ch\u1ee9ng nh\u1eadn KS (B\u1ed9 ph\u1eadn \u0110\u1ed5i m\u1edbi Ch\u1ea5t l\u01b0\u1ee3ng)<\/p>\n<p><span style=\"color: #339966;\"><strong>2007.12<\/strong><\/span><\/p>\n<p>\u0110\u01b0\u1ee3c trao t\u1eb7ng b\u1edfi B\u1ed9 Th\u01b0\u01a1ng m\u1ea1i, C\u00f4ng nghi\u1ec7p v\u00e0 N\u0103ng l\u01b0\u1ee3ng<\/p>\n<p><span style=\"color: #339966;\"><strong>2008.03<\/strong><\/span><\/p>\n<p>\u0110\u00e1nh d\u1ea5u m\u00f4i tr\u01b0\u1eddng cho pin niken-hydro<\/p>\n<p><span style=\"color: #339966;\"><strong>2008,08<\/strong><\/span><\/p>\n<p>Ch\u1ee9ng nh\u1eadn pin niken-kim lo\u1ea1i hydride<\/p>\n<p><span style=\"color: #339966;\"><strong>2008.10<\/strong><\/span><\/p>\n<p>\u0110\u01b0\u1ee3c ch\u1ecdn l\u00e0 m\u1ed9t c\u00f4ng ty c\u00f3 n\u0103ng l\u1ef1c c\u1ea1nh tranh ch\u1ea5t l\u01b0\u1ee3ng tuy\u1ec7t v\u1eddi c\u1ee7a B\u1ed9 Kinh t\u1ebf Tri th\u1ee9c<\/p>\n<p><span style=\"color: #ff9900; font-size: 20px;\"><strong>SINCE 1991 -2000<\/strong><\/span><\/p>\n<p><span style=\"color: #339966;\"><strong>1990.11<\/strong><\/span><\/p>\n<p>Nh\u00e0 m\u00e1y Gwangju \u0111\u01b0\u1ee3c ch\u1ee9ng nh\u1eadn KS (\u0111\u1ed1i v\u1edbi \u00f4 t\u00f4, xe hai b\u00e1nh)<\/p>\n<p><span style=\"color: #339966;\"><strong>1991.11<\/strong><\/span><\/p>\n<p>Trao gi\u1ea3i th\u01b0\u1edfng xu\u1ea5t kh\u1ea9u 50 tri\u1ec7u \u0111\u00f4 la<\/p>\n<p><span style=\"color: #339966;\"><strong>1992,03<\/strong><\/span><\/p>\n<p>\u0110\u01b0\u1ee3c trao t\u1eb7ng ng\u00e0y c\u1ee7a B\u1ed9 tr\u01b0\u1edfng B\u1ed9 T\u00e0i ch\u00ednh v\u00e0o Ng\u00e0y Thu\u1ebf<\/p>\n<p><span style=\"color: #339966;\"><strong>1992.11<\/strong><\/span><\/p>\n<p>\u0110\u01b0\u1ee3c trao m\u1ed9t gi\u1ea3i th\u01b0\u1edfng cho m\u00f4i tr\u01b0\u1eddng l\u00e0m vi\u1ec7c v\u00e0o n\u0103m 1992<\/p>\n<p><span style=\"color: #339966;\"><strong>1993.03<\/strong><\/span><\/p>\n<p>Nh\u00e0 m\u00e1y Gwangju \u0111\u01b0\u1ee3c ch\u1ee9ng nh\u1eadn b\u1edfi Ti\u00eau chu\u1ea9n c\u00f4ng nghi\u1ec7p Nh\u1eadt B\u1ea3n (JIS)<\/p>\n<p><span style=\"color: #339966;\"><strong>1993,07<\/strong><\/span><\/p>\n<p>\u0110\u1ea1t ch\u1ee9ng nh\u1eadn ISO 9002 t\u1eeb Nh\u00e0 m\u00e1y Changwon (DNV QA)<\/p>\n<p><span style=\"color: #339966;\"><strong>1994.04<\/strong><\/span><\/p>\n<p>C\u00f3 \u0111\u01b0\u1ee3c ch\u1ee9ng nh\u1eadn ISO 9001 cho nh\u00e0 m\u00e1y Gwangju (DNV QA)<\/p>\n<p><span style=\"color: #339966;\"><strong>1994,05<\/strong><\/span><\/p>\n<p>\u0110\u1ea1t ch\u1ee9ng nh\u1eadn ISO 9001 t\u1eeb Nh\u00e0 m\u00e1y Changwon (DNV QA)<\/p>\n<p><span style=\"color: #339966;\"><strong>1994.11<\/strong><\/span><\/p>\n<p>Nh\u1eadn gi\u1ea3i th\u01b0\u1edfng t\u1ed5ng th\u1ed1ng v\u1ec1 ti\u00eau chu\u1ea9n h\u00f3a c\u00f4ng nghi\u1ec7p<\/p>\n<p><span style=\"color: #339966;\"><strong>1995,08<\/strong><\/span><\/p>\n<p>\u0110\u01b0\u1ee3c ch\u1ecdn l\u00e0 c\u00f4ng ty qu\u1ea3n l\u00fd ch\u1ea5t l\u01b0\u1ee3ng 100<\/p>\n<p><span style=\"color: #339966;\"><strong>1995.11<\/strong><\/span><\/p>\n<p>Gi\u00e0nh huy ch\u01b0\u01a1ng c\u00f4ng nghi\u1ec7p qu\u1ea3n l\u00fd ch\u1ea5t l\u01b0\u1ee3ng th\u00e1p th\u00e9p<\/p>\n<p><span style=\"color: #339966;\"><strong>1996.03<\/strong><\/span><\/p>\n<p>Nh\u1eadn gi\u1ea3i th\u01b0\u1edfng D\u1ecbch v\u1ee5 H\u1ea3i quan H\u00e0n Qu\u1ed1c t\u1eeb Ng\u00e0y Thu\u1ebf<\/p>\n<p><span style=\"color: #339966;\"><strong>1997,01<\/strong><\/span><\/p>\n<p>\u0110\u01b0\u1ee3c ch\u1ecdn l\u00e0 m\u1ed9t doanh nghi\u1ec7p \u01b0u vi\u1ec7t cho h\u1ee3p t\u00e1c qu\u1ea3n l\u00fd lao \u0111\u1ed9ng c\u1ee7a B\u1ed9 Lao \u0111\u1ed9ng<\/p>\n<p><span style=\"color: #339966;\"><strong>1997.10<\/strong><\/span><\/p>\n<p>Ch\u1ee9ng nh\u1eadn QS9000 c\u1ee7a nh\u00e0 m\u00e1y Gwangju<\/p>\n<p><span style=\"color: #339966;\"><strong>1997.11<\/strong><\/span><\/p>\n<p>Nh\u1eadn \u0111\u01b0\u1ee3c 100 tri\u1ec7u \u0111\u00f4 la ng\u00e0y xu\u1ea5t kh\u1ea9u cho ng\u00e0y giao d\u1ecbch<\/p>\n<p><span style=\"color: #339966;\"><strong>1998,08<\/strong><\/span><\/p>\n<p>\u0110\u00e1nh d\u1ea5u m\u00f4i tr\u01b0\u1eddng s\u1ea3n ph\u1ea9m VGS<\/p>\n<p><span style=\"color: #339966;\"><strong>1999,03<\/strong><\/span><\/p>\n<p>\u0110\u01b0\u1ee3c trao t\u1eb7ng ng\u00e0y c\u1ee7a B\u1ed9 tr\u01b0\u1edfng B\u1ed9 T\u00e0i ch\u00ednh v\u00e0o Ng\u00e0y Thu\u1ebf<\/p>\n<p><span style=\"font-size: 20px;\"><strong><span style=\"color: #ff9900;\">SINE 1971 &#8211; 1990<\/span><\/strong><\/span><\/p>\n<p><span style=\"color: #339966;\"><strong>1974.11<\/strong><\/span><\/p>\n<p>Ti\u00eau chu\u1ea9n c\u00f4ng nghi\u1ec7p H\u00e0n Qu\u1ed1c KSC 8511 t\u00edch l\u0169y \u1eafc quy xe h\u01a1i<\/p>\n<p><span style=\"color: #339966;\"><strong>1980.11<\/strong><\/span><\/p>\n<p>Gi\u00e0nh \u0111\u01b0\u1ee3c gi\u1ea3i th\u01b0\u1edfng c\u00f4ng nghi\u1ec7p xu\u1ea5t kh\u1ea9u<\/p>\n<p><span style=\"color: #339966;\"><strong>1981,09<\/strong><\/span><\/p>\n<p>Ti\u00eau chu\u1ea9n c\u00f4ng nghi\u1ec7p H\u00e0n Qu\u1ed1c KSC 8504 (20 lo\u1ea1i), 8505 (26 lo\u1ea1i) KS Ch\u1ee9ng nh\u1eadn b\u1ed5 sung<\/p>\n<p><span style=\"color: #339966;\"><strong>1982.12<\/strong><\/span><\/p>\n<p>Ti\u00eau chu\u1ea9n c\u00f4ng nghi\u1ec7p H\u00e0n Qu\u1ed1c KSC 8505 (35 lo\u1ea1i) Ch\u1ee9ng nh\u1eadn b\u1ed5 sung<\/p>\n<p><span style=\"color: #339966;\"><strong>1983,03<\/strong><\/span><\/p>\n<p>\u0110\u00e1nh gi\u00e1 ki\u1ec3m so\u00e1t ch\u1ea5t l\u01b0\u1ee3ng Ch\u1ec9 \u0111\u1ecbnh nh\u00e0 m\u00e1y c\u1ea5p 1 (\u0111\u00e1nh gi\u00e1 s\u1ed1 B tera 1-8)<\/p>\n<p><span style=\"color: #339966;\"><strong>1983.11<\/strong><\/span><\/p>\n<p>Ti\u00eau chu\u1ea9n c\u00f4ng nghi\u1ec7p H\u00e0n Qu\u1ed1c KSC 8505 (13 lo\u1ea1i), 8506 (3 lo\u1ea1i), 8510 (8 lo\u1ea1i), 6008 (1 lo\u1ea1i), ch\u1ee9ng nh\u1eadn b\u1ed5 sung c\u1ee7a KS<\/p>\n<p><span style=\"color: #339966;\"><strong>1984,05<\/strong><\/span><\/p>\n<p>Gi\u1ea5y ch\u1ee9ng nh\u1eadn h\u1ea1t nh\u00e2n<\/p>\n<p><span style=\"color: #339966;\"><strong>1<\/strong><strong>987,03<\/strong><\/span><\/p>\n<p>Nh\u1eadn Hu\u00e2n ch\u01b0\u01a1ng C\u00f4ng nghi\u1ec7p Th\u00e1p \u0110\u1ed3ng v\u00e0o Ng\u00e0y Thu\u1ebf<\/p>\n<p><span style=\"color: #339966;\"><strong>1988.11<\/strong><\/span><\/p>\n<p>Ch\u1ee9ng nh\u1eadn JIS ti\u00eau chu\u1ea9n c\u00f4ng nghi\u1ec7p Nh\u1eadt B\u1ea3n<\/p>\n<p><span style=\"color: #339966;\"><strong>1988.11<\/strong><\/span><\/p>\n<p>C\u00f3 \u0111\u01b0\u1ee3c ch\u1ee9ng nh\u1eadn UL cho c\u00e1c s\u1ea3n ph\u1ea9m ESG, UXL, ES<\/p>\n<p><span style=\"color: #ff9900;\"><strong><span style=\"font-size: 20px;\">SINE 1952 -1970<\/span><\/strong><\/span><\/p>\n<p><span style=\"color: #339966;\"><strong>1952,09<\/strong><\/span><\/p>\n<p>Mua b\u1eb1ng s\u00e1ng ch\u1ebf cho t\u1ea5m \u0111i\u1ec7n c\u1ef1c 2 mm<\/p>\n<p><span style=\"color: #339966;\"><strong>1965,01<\/strong><\/span><\/p>\n<p>Ch\u1ee9ng nh\u1eadn ti\u00eau chu\u1ea9n c\u00f4ng nghi\u1ec7p H\u00e0n Qu\u1ed1c cho pin xe<\/p>\n<p><span style=\"color: #339966;\"><strong>1967,03<\/strong><\/span><\/p>\n<p>Ch\u1ee9ng nh\u1eadn ti\u00eau chu\u1ea9n c\u00f4ng nghi\u1ec7p H\u00e0n Qu\u1ed1c KSC 8508 KS<\/p>\n<p><span style=\"color: #339966;\"><strong>Ng<\/strong><strong>\u00e0<\/strong><strong>y 12\/12\/1968<\/strong><\/span><\/p>\n<p>Ti\u00eau chu\u1ea9n c\u00f4ng nghi\u1ec7p H\u00e0n Qu\u1ed1c KSC 8508 KS Ch\u1ee9ng nh\u1eadn<\/p>\n<p><span style=\"color: #339966;\"><strong>1970.02<\/strong><\/span><\/p>\n<p>Ti\u00eau chu\u1ea9n c\u00f4ng nghi\u1ec7p H\u00e0n Qu\u1ed1c KSC 8509 Diesel Engine L\u01b0u tr\u1eef pin ch\u1ee9ng nh\u1eadn KS<\/p>\n<p><span style=\"color: #339966;\"><strong>1970.02<\/strong><\/span><\/p>\n<p>Ti\u00eau chu\u1ea9n c\u00f4ng nghi\u1ec7p H\u00e0n Qu\u1ed1c Ch\u1ee9ng nh\u1eadn KSC 8506 KS<\/p>\n<p>&nbsp;<\/p>\n<p>&nbsp;<\/p>\n<p>&nbsp;<\/p>\n<p>&nbsp;<\/p>\n<p>&nbsp;<\/p>\n<p>&nbsp;<\/p>\n<p>&nbsp;<\/p>\n<p>&nbsp;<\/p>\n<p>&nbsp;<\/p>\n<p>&nbsp;<\/p>\n<p>[\/vc_column_text][\/vc_column][\/vc_row]<\/p>\n","protected":false},"excerpt":{"rendered":"<p>[vc_row][vc_column width=&#8221;9\/12&#8243;][vc_row_inner][vc_column_inner width=&#8221;1\/3&#8243;][vc_single_image image=&#8221;417&#8243; img_size=&#8221;large&#8221; alignment=&#8221;center&#8221; onclick=&#8221;link_image&#8221; title=&#8221;CH\u1ee8NG NH\u1eacN ISO 9001&#8243;][\/vc_column_inner][vc_column_inner width=&#8221;1\/3&#8243;][vc_single_image image=&#8221;419&#8243; img_size=&#8221;large&#8221; alignment=&#8221;center&#8221; onclick=&#8221;link_image&#8221; title=&#8221;CH\u1ee8NG NH\u1eacN ISO14001&#8243;][\/vc_column_inner][vc_column_inner width=&#8221;1\/3&#8243;][vc_single_image image=&#8221;421&#8243; img_size=&#8221;large&#8221; alignment=&#8221;center&#8221; onclick=&#8221;link_image&#8221; title=&#8221;CH\u1ee8NG NH\u1eacN TS 16949&#8243;][\/vc_column_inner][\/vc_row_inner][\/vc_column][vc_column width=&#8221;3\/12&#8243;][vc_wp_custommenu title=&#8221;GI\u1edaI THI\u1ec6U&#8221; nav_menu=&#8221;60&#8243;][\/vc_column][\/vc_row][vc_row][vc_column][vc_column_text]SINCE 2010~ 2015.10 Qu\u1ea3n l\u00fd tr\u00e1ch nhi\u1ec7m x\u00e3 h\u1ed9i \u0111\u01b0\u1ee3c trao gi\u1ea3i th\u01b0\u1edfng Qu\u1ea3n l\u00fd ch\u1ea5t l\u01b0\u1ee3ng 2014.12 Nh\u1eadn gi\u1ea3i th\u01b0\u1edfng Th\u00e1p xu\u1ea5t kh\u1ea9u [&hellip;]<\/p>\n","protected":false},"author":1,"featured_media":0,"parent":0,"menu_order":0,"comment_status":"closed","ping_status":"closed","template":"page-fullwidth.php","meta":[],"yoast_head":"<!-- This site is optimized with the Yoast SEO plugin v16.0.2 - https:\/\/yoast.com\/wordpress\/plugins\/seo\/ -->\n<title>Ch\u1ee9ng nh\u1eadn - Gi\u1ea3i th\u01b0\u1edfng - Rocket Battery<\/title>\n<meta property=\"og:locale\" content=\"vi_VN\" \/>\n<meta property=\"og:type\" content=\"article\" \/>\n<meta property=\"og:title\" content=\"Ch\u1ee9ng nh\u1eadn - Gi\u1ea3i th\u01b0\u1edfng - Rocket Battery\" \/>\n<meta property=\"og:description\" content=\"[vc_row][vc_column width=&#8221;9\/12&#8243;][vc_row_inner][vc_column_inner width=&#8221;1\/3&#8243;][vc_single_image image=&#8221;417&#8243; img_size=&#8221;large&#8221; alignment=&#8221;center&#8221; onclick=&#8221;link_image&#8221; title=&#8221;CH\u1ee8NG NH\u1eacN ISO 9001&#8243;][\/vc_column_inner][vc_column_inner width=&#8221;1\/3&#8243;][vc_single_image image=&#8221;419&#8243; img_size=&#8221;large&#8221; alignment=&#8221;center&#8221; onclick=&#8221;link_image&#8221; title=&#8221;CH\u1ee8NG NH\u1eacN ISO14001&#8243;][\/vc_column_inner][vc_column_inner width=&#8221;1\/3&#8243;][vc_single_image image=&#8221;421&#8243; img_size=&#8221;large&#8221; alignment=&#8221;center&#8221; onclick=&#8221;link_image&#8221; title=&#8221;CH\u1ee8NG NH\u1eacN TS 16949&#8243;][\/vc_column_inner][\/vc_row_inner][\/vc_column][vc_column width=&#8221;3\/12&#8243;][vc_wp_custommenu title=&#8221;GI\u1edaI THI\u1ec6U&#8221; nav_menu=&#8221;60&#8243;][\/vc_column][\/vc_row][vc_row][vc_column][vc_column_text]SINCE 2010~ 2015.10 Qu\u1ea3n l\u00fd tr\u00e1ch nhi\u1ec7m x\u00e3 h\u1ed9i \u0111\u01b0\u1ee3c trao gi\u1ea3i th\u01b0\u1edfng Qu\u1ea3n l\u00fd ch\u1ea5t l\u01b0\u1ee3ng 2014.12 Nh\u1eadn gi\u1ea3i th\u01b0\u1edfng Th\u00e1p xu\u1ea5t kh\u1ea9u [&hellip;]\" \/>\n<meta property=\"og:url\" content=\"https:\/\/khachhang4.web3b.com\/rocketbattery\/chung-nhan-giai-thuong\/\" \/>\n<meta property=\"og:site_name\" content=\"Rocket Battery\" \/>\n<meta property=\"article:modified_time\" content=\"2018-12-19T09:54:05+00:00\" \/>\n<meta name=\"twitter:card\" content=\"summary_large_image\" \/>\n<meta name=\"twitter:label1\" content=\"\u01af\u1edbc t\u00ednh th\u1eddi gian \u0111\u1ecdc\">\n\t<meta name=\"twitter:data1\" content=\"6 ph\u00fat\">\n<script type=\"application\/ld+json\" class=\"yoast-schema-graph\">{\"@context\":\"https:\/\/schema.org\",\"@graph\":[{\"@type\":\"WebSite\",\"@id\":\"https:\/\/khachhang4.web3b.com\/rocketbattery\/#website\",\"url\":\"https:\/\/khachhang4.web3b.com\/rocketbattery\/\",\"name\":\"Rocket Battery\",\"description\":\"\",\"potentialAction\":[{\"@type\":\"SearchAction\",\"target\":\"https:\/\/khachhang4.web3b.com\/rocketbattery\/?s={search_term_string}\",\"query-input\":\"required name=search_term_string\"}],\"inLanguage\":\"vi\"},{\"@type\":\"WebPage\",\"@id\":\"https:\/\/khachhang4.web3b.com\/rocketbattery\/chung-nhan-giai-thuong\/#webpage\",\"url\":\"https:\/\/khachhang4.web3b.com\/rocketbattery\/chung-nhan-giai-thuong\/\",\"name\":\"Ch\\u1ee9ng nh\\u1eadn - Gi\\u1ea3i th\\u01b0\\u1edfng - Rocket Battery\",\"isPartOf\":{\"@id\":\"https:\/\/khachhang4.web3b.com\/rocketbattery\/#website\"},\"datePublished\":\"2018-11-29T04:47:32+00:00\",\"dateModified\":\"2018-12-19T09:54:05+00:00\",\"breadcrumb\":{\"@id\":\"https:\/\/khachhang4.web3b.com\/rocketbattery\/chung-nhan-giai-thuong\/#breadcrumb\"},\"inLanguage\":\"vi\",\"potentialAction\":[{\"@type\":\"ReadAction\",\"target\":[\"https:\/\/khachhang4.web3b.com\/rocketbattery\/chung-nhan-giai-thuong\/\"]}]},{\"@type\":\"BreadcrumbList\",\"@id\":\"https:\/\/khachhang4.web3b.com\/rocketbattery\/chung-nhan-giai-thuong\/#breadcrumb\",\"itemListElement\":[{\"@type\":\"ListItem\",\"position\":1,\"item\":{\"@type\":\"WebPage\",\"@id\":\"https:\/\/khachhang4.web3b.com\/rocketbattery\/\",\"url\":\"https:\/\/khachhang4.web3b.com\/rocketbattery\/\",\"name\":\"Trang ch\\u1ee7\"}},{\"@type\":\"ListItem\",\"position\":2,\"item\":{\"@type\":\"WebPage\",\"@id\":\"https:\/\/khachhang4.web3b.com\/rocketbattery\/chung-nhan-giai-thuong\/\",\"url\":\"https:\/\/khachhang4.web3b.com\/rocketbattery\/chung-nhan-giai-thuong\/\",\"name\":\"Ch\\u1ee9ng nh\\u1eadn &#8211; Gi\\u1ea3i th\\u01b0\\u1edfng\"}}]}]}<\/script>\n<!-- \/ Yoast SEO plugin. -->","_links":{"self":[{"href":"https:\/\/khachhang4.web3b.com\/rocketbattery\/wp-json\/wp\/v2\/pages\/266"}],"collection":[{"href":"https:\/\/khachhang4.web3b.com\/rocketbattery\/wp-json\/wp\/v2\/pages"}],"about":[{"href":"https:\/\/khachhang4.web3b.com\/rocketbattery\/wp-json\/wp\/v2\/types\/page"}],"author":[{"embeddable":true,"href":"https:\/\/khachhang4.web3b.com\/rocketbattery\/wp-json\/wp\/v2\/users\/1"}],"replies":[{"embeddable":true,"href":"https:\/\/khachhang4.web3b.com\/rocketbattery\/wp-json\/wp\/v2\/comments?post=266"}],"version-history":[{"count":0,"href":"https:\/\/khachhang4.web3b.com\/rocketbattery\/wp-json\/wp\/v2\/pages\/266\/revisions"}],"wp:attachment":[{"href":"https:\/\/khachhang4.web3b.com\/rocketbattery\/wp-json\/wp\/v2\/media?parent=266"}],"curies":[{"name":"wp","href":"https:\/\/api.w.org\/{rel}","templated":true}]}}