{"id":780,"date":"2021-03-12T10:50:15","date_gmt":"2021-03-12T03:50:15","guid":{"rendered":"https:\/\/rocketbattery.vn\/?post_type=product&#038;p=780"},"modified":"2021-03-19T16:29:32","modified_gmt":"2021-03-19T09:29:32","slug":"rocket-stz6sh-12v-5ah-lun","status":"publish","type":"product","link":"https:\/\/khachhang4.web3b.com\/rocketbattery\/san-pham\/rocket-stz6sh-12v-5ah-lun\/","title":{"rendered":"Rocket STZ6SH 12V-5Ah (Lu\u0300n)"},"content":{"rendered":"<p><strong>Th\u00f4ng tin sa\u0309n ph\u00e2\u0309m<\/strong><\/p>\n<table style=\"border-collapse: collapse; width: 100%; height: 120px;\">\n<tbody>\n<tr style=\"height: 24px;\">\n<td style=\"width: 34.9032%; height: 24px;\">Model<\/td>\n<td style=\"width: 65.0968%; height: 24px;\">\u00a0 \u00a0 STZ6SH<\/td>\n<\/tr>\n<tr style=\"height: 24px;\">\n<td style=\"width: 34.9032%; height: 24px;\">\u0110i\u00ea\u0323n a\u0301p<\/td>\n<td style=\"width: 65.0968%; height: 24px;\">\u00a0 \u00a0 12V<\/td>\n<\/tr>\n<tr style=\"height: 24px;\">\n<td style=\"width: 34.9032%; height: 24px;\">Dung l\u01b0\u01a1\u0323ng<\/td>\n<td style=\"width: 65.0968%; height: 24px;\">\u00a0 \u00a0 5Ah<\/td>\n<\/tr>\n<tr style=\"height: 24px;\">\n<td style=\"width: 34.9032%; height: 24px;\">Ki\u0301ch th\u01b0\u01a1\u0301c (Da\u0300i x R\u00f4\u0323ng x Cao)<\/td>\n<td style=\"width: 65.0968%; height: 24px;\">\u00a0 \u00a0 113 x 70 x 107 mm<\/td>\n<\/tr>\n<tr style=\"height: 24px;\">\n<td style=\"width: 34.9032%; height: 24px;\">Ca\u0301c do\u0300ng xe s\u01b0\u0309 du\u0323ng<\/td>\n<td style=\"width: 65.0968%; height: 24px;\">\n<ul>\n<li style=\"text-align: justify;\"><strong>Honda:<\/strong> Vision, Lead, AirBlade, PCX, Sh125\/150, CBR150, CBR1000RR SP.<\/li>\n<li style=\"text-align: justify;\"><strong>Yamaha: <\/strong>NVX, R6, R1.<\/li>\n<li style=\"text-align: justify;\"><strong>Suzuki:\u00a0<\/strong>Impluse, Raider, Satria, GSXR150, GSXS150.<\/li>\n<\/ul>\n<\/td>\n<\/tr>\n<\/tbody>\n<\/table>\n<p><strong>\u0110\u0103\u0323c Ti\u0301nh:<\/strong><\/p>\n<ul>\n<li>Bi\u0300nh \u0103\u0301c quy Rocket \u0111\u01b0\u01a1\u0323c sa\u0309n xu\u00e2\u0301t ta\u0323i Vi\u00ea\u0323t Nam v\u01a1\u0301i c\u00f4ng ngh\u00ea\u0323 va\u0300 quy tri\u0300nh t\u01b0\u0300 Ha\u0300n Qu\u00f4\u0301c, mi\u00ea\u0303n ba\u0309o d\u01b0\u01a1\u0303ng, i\u0301t hao mo\u0300n dung di\u0323ch, thi\u00ea\u0301t k\u00ea\u0301 b\u00ea\u0300n bi\u0309 va\u0300 tu\u00f4\u0309i tho\u0323 l\u00e2u b\u00ea\u0300n.<\/li>\n<li>C\u00f4ng ngh\u00ea\u0323 AGM phu\u0300 h\u01a1\u0323p cho ca\u0301c do\u0300ng xe START\/STOP, IDLING STOP.<\/li>\n<li>\u0110a\u0303 na\u0323p \u0111i\u00ea\u0323n \u0111\u00e2\u0300y, co\u0301 th\u00ea\u0309 l\u0103\u0301p \u0111\u0103\u0323t va\u0300 s\u01b0\u0309 du\u0323ng ngay cho xe ma\u0301y, xe m\u00f4 t\u00f4 ph\u00e2n kh\u00f4\u0301i l\u01a1\u0301n\u2026<\/li>\n<\/ul>\n","protected":false},"excerpt":{"rendered":"<p>Th\u00f4ng tin sa\u0309n ph\u00e2\u0309m Model \u00a0 \u00a0 STZ6SH \u0110i\u00ea\u0323n a\u0301p \u00a0 \u00a0 12V Dung l\u01b0\u01a1\u0323ng \u00a0 \u00a0 5Ah Ki\u0301ch th\u01b0\u01a1\u0301c (Da\u0300i x R\u00f4\u0323ng x Cao) \u00a0 \u00a0 113 x 70 x 107 mm Ca\u0301c do\u0300ng xe s\u01b0\u0309 du\u0323ng Honda: Vision, Lead, AirBlade, PCX, Sh125\/150, CBR150, CBR1000RR SP. Yamaha: NVX, R6, R1. Suzuki:\u00a0Impluse, Raider, Satria, GSXR150, [&hellip;]<\/p>\n","protected":false},"featured_media":0,"comment_status":"closed","ping_status":"closed","template":"","meta":[],"yoast_head":"<!-- This site is optimized with the Yoast SEO plugin v16.0.2 - https:\/\/yoast.com\/wordpress\/plugins\/seo\/ -->\n<title>Rocket STZ6SH 12V-5Ah (Lu\u0300n) - Rocket Battery<\/title>\n<meta property=\"og:locale\" content=\"vi_VN\" \/>\n<meta property=\"og:type\" content=\"article\" \/>\n<meta property=\"og:title\" content=\"Rocket STZ6SH 12V-5Ah (Lu\u0300n) - Rocket Battery\" \/>\n<meta property=\"og:description\" content=\"Th\u00f4ng tin sa\u0309n ph\u00e2\u0309m Model \u00a0 \u00a0 STZ6SH \u0110i\u00ea\u0323n a\u0301p \u00a0 \u00a0 12V Dung l\u01b0\u01a1\u0323ng \u00a0 \u00a0 5Ah Ki\u0301ch th\u01b0\u01a1\u0301c (Da\u0300i x R\u00f4\u0323ng x Cao) \u00a0 \u00a0 113 x 70 x 107 mm Ca\u0301c do\u0300ng xe s\u01b0\u0309 du\u0323ng Honda: Vision, Lead, AirBlade, PCX, Sh125\/150, CBR150, CBR1000RR SP. Yamaha: NVX, R6, R1. Suzuki:\u00a0Impluse, Raider, Satria, GSXR150, [&hellip;]\" \/>\n<meta property=\"og:url\" content=\"https:\/\/khachhang4.web3b.com\/rocketbattery\/san-pham\/rocket-stz6sh-12v-5ah-lun\/\" \/>\n<meta property=\"og:site_name\" content=\"Rocket Battery\" \/>\n<meta property=\"article:modified_time\" content=\"2021-03-19T09:29:32+00:00\" \/>\n<meta name=\"twitter:card\" content=\"summary_large_image\" \/>\n<meta name=\"twitter:label1\" content=\"\u01af\u1edbc t\u00ednh th\u1eddi gian \u0111\u1ecdc\">\n\t<meta name=\"twitter:data1\" content=\"1 ph\u00fat\">\n<script type=\"application\/ld+json\" class=\"yoast-schema-graph\">{\"@context\":\"https:\/\/schema.org\",\"@graph\":[{\"@type\":\"WebSite\",\"@id\":\"https:\/\/khachhang4.web3b.com\/rocketbattery\/#website\",\"url\":\"https:\/\/khachhang4.web3b.com\/rocketbattery\/\",\"name\":\"Rocket Battery\",\"description\":\"\",\"potentialAction\":[{\"@type\":\"SearchAction\",\"target\":\"https:\/\/khachhang4.web3b.com\/rocketbattery\/?s={search_term_string}\",\"query-input\":\"required name=search_term_string\"}],\"inLanguage\":\"vi\"},{\"@type\":\"WebPage\",\"@id\":\"https:\/\/khachhang4.web3b.com\/rocketbattery\/san-pham\/rocket-stz6sh-12v-5ah-lun\/#webpage\",\"url\":\"https:\/\/khachhang4.web3b.com\/rocketbattery\/san-pham\/rocket-stz6sh-12v-5ah-lun\/\",\"name\":\"Rocket STZ6SH 12V-5Ah (Lu\\u0300n) - Rocket Battery\",\"isPartOf\":{\"@id\":\"https:\/\/khachhang4.web3b.com\/rocketbattery\/#website\"},\"datePublished\":\"2021-03-12T03:50:15+00:00\",\"dateModified\":\"2021-03-19T09:29:32+00:00\",\"breadcrumb\":{\"@id\":\"https:\/\/khachhang4.web3b.com\/rocketbattery\/san-pham\/rocket-stz6sh-12v-5ah-lun\/#breadcrumb\"},\"inLanguage\":\"vi\",\"potentialAction\":[{\"@type\":\"ReadAction\",\"target\":[\"https:\/\/khachhang4.web3b.com\/rocketbattery\/san-pham\/rocket-stz6sh-12v-5ah-lun\/\"]}]},{\"@type\":\"BreadcrumbList\",\"@id\":\"https:\/\/khachhang4.web3b.com\/rocketbattery\/san-pham\/rocket-stz6sh-12v-5ah-lun\/#breadcrumb\",\"itemListElement\":[{\"@type\":\"ListItem\",\"position\":1,\"item\":{\"@type\":\"WebPage\",\"@id\":\"https:\/\/khachhang4.web3b.com\/rocketbattery\/\",\"url\":\"https:\/\/khachhang4.web3b.com\/rocketbattery\/\",\"name\":\"Trang ch\\u1ee7\"}},{\"@type\":\"ListItem\",\"position\":2,\"item\":{\"@type\":\"WebPage\",\"@id\":\"https:\/\/khachhang4.web3b.com\/rocketbattery\/san-pham\/\",\"url\":\"https:\/\/khachhang4.web3b.com\/rocketbattery\/san-pham\/\",\"name\":\"S\\u1ea3n ph\\u1ea9m\"}},{\"@type\":\"ListItem\",\"position\":3,\"item\":{\"@type\":\"WebPage\",\"@id\":\"https:\/\/khachhang4.web3b.com\/rocketbattery\/san-pham\/rocket-stz6sh-12v-5ah-lun\/\",\"url\":\"https:\/\/khachhang4.web3b.com\/rocketbattery\/san-pham\/rocket-stz6sh-12v-5ah-lun\/\",\"name\":\"Rocket STZ6SH 12V-5Ah (Lu\\u0300n)\"}}]}]}<\/script>\n<!-- \/ Yoast SEO plugin. -->","_links":{"self":[{"href":"https:\/\/khachhang4.web3b.com\/rocketbattery\/wp-json\/wp\/v2\/product\/780"}],"collection":[{"href":"https:\/\/khachhang4.web3b.com\/rocketbattery\/wp-json\/wp\/v2\/product"}],"about":[{"href":"https:\/\/khachhang4.web3b.com\/rocketbattery\/wp-json\/wp\/v2\/types\/product"}],"replies":[{"embeddable":true,"href":"https:\/\/khachhang4.web3b.com\/rocketbattery\/wp-json\/wp\/v2\/comments?post=780"}],"wp:attachment":[{"href":"https:\/\/khachhang4.web3b.com\/rocketbattery\/wp-json\/wp\/v2\/media?parent=780"}],"curies":[{"name":"wp","href":"https:\/\/api.w.org\/{rel}","templated":true}]}}