{"id":927,"date":"2021-04-09T14:20:48","date_gmt":"2021-04-09T07:20:48","guid":{"rendered":"https:\/\/rocketbattery.vn\/?post_type=product&#038;p=927"},"modified":"2021-04-09T14:20:49","modified_gmt":"2021-04-09T07:20:49","slug":"rp-45%e2%88%9212-12v-45ah-coc-vit","status":"publish","type":"product","link":"https:\/\/khachhang4.web3b.com\/rocketbattery\/san-pham\/rp-45%e2%88%9212-12v-45ah-coc-vit\/","title":{"rendered":"RP 45\u221212 12V 45AH C\u1ecdc v\u00edt"},"content":{"rendered":"<p><strong>\u0110\u1eb6C \u0110I\u1ec2M S\u1ea2N PH\u1ea8M<\/strong><\/p>\n<table>\n<tbody>\n<tr>\n<td><strong>\u00a0<\/strong><\/td>\n<td><strong>C\u00f4ng ngh\u1ec7 Rocket ho\u00e0n h\u1ea3o<\/strong><\/td>\n<\/tr>\n<tr>\n<td><strong>Dung l\u01b0\u1ee3ng<\/strong><\/td>\n<td><strong>12V \u2013 <\/strong><strong>45<\/strong><strong>AH<\/strong><\/td>\n<\/tr>\n<tr>\n<td><strong>K\u00edch th\u01b0\u1edbc<\/strong><\/td>\n<td><strong>238<\/strong><strong> x <\/strong><strong>139<\/strong><strong> x 2<\/strong><strong>01<\/strong><strong> (d\u00e0i x r\u1ed9ng x cao)<\/strong><\/td>\n<\/tr>\n<tr>\n<td><strong>H\u00e3ng s\u1ea3n xu\u1ea5t<\/strong><\/td>\n<td><strong>SEBANG GLOBAL BATTERY CO.,LTD<\/strong><\/td>\n<\/tr>\n<tr>\n<td><strong>Xu\u1ea5t X\u1ee9<\/strong><\/td>\n<td><strong>NH\u1eacP KH\u1ea8U 100% H\u00c0N QU\u1ed0C<\/strong><\/td>\n<\/tr>\n<\/tbody>\n<\/table>\n<p><strong>S\u1ea3n ph\u1ea9m \u1eaec Quy ROCKET 12V <\/strong><strong>45<\/strong><strong>AH RP<\/strong><strong>45<\/strong><strong>\u221212<\/strong><\/p>\n<p><strong>M\u00f4 T\u1ea3:\u00a0B\u00ecnh ROCKET \u00a0c\u1ecdc v\u00edt ti\u00eau chu\u1ea9n.<\/strong><\/p>\n<p><strong>\u0110\u1eb7c T\u00ednh: B\u00ecnh \u1eafc quy kh\u00f4 ROCKET C\u00f4ng ngh\u1ec7 Rocket ho\u00e0n h\u1ea3o, mi\u1ec5n b\u1ea3o d\u01b0\u1ee1ng, kh\u00f4ng c\u1ea7n ch\u00e2m n\u01b0\u1edbc.<\/strong><\/p>\n<p><strong>\u2013 Acquy \u00a0ROCKET m\u1edbi \u0111\u00e3 ch\u00e2m dung d\u1ecbch axit, n\u1ea1p \u0111\u1ea7y \u0111i\u1ec7n, ch\u1ec9 c\u1ea7n l\u1eafp \u0111\u1eb7t l\u00e0 s\u1eed d\u1ee5ng \u0111\u01b0\u1ee3c ngay.<\/strong><\/p>\n<p><strong>\u01afu \u0110i\u1ec3m:<\/strong><\/p>\n<p><strong>\u2013 \u1eaec quy d\u00f9ng cho d\u00f2ng kh\u1edfi \u0111\u1ed9ng m\u00e1y ph\u00e1t kh\u1ea9n c\u1ea5p, m\u1ea1nh m\u1ebd,<\/strong><strong> ngu\u1ed3n d\u1ef1 ph\u00f2ng cho c\u00e1c thi\u1ebft b\u1ecb c\u01a1 kh\u00ed, s\u1eed d\u1ee5ng cho h\u1ec7 th\u1ed1ng vi\u1ec5n th\u00f4ng, h\u1ec7 th\u1ed1ng UPS, \u00a0<\/strong><strong>ph\u00f9 h\u1ee3p kh\u00ed h\u1eadu Vi\u1ec7t Nam.<\/strong><\/p>\n<p><strong>\u2013 Hi\u1ec7u su\u1ea5t cao do \u1ee9ng d\u1ee5ng b\u1ed9 ph\u00e2n t\u00e1ch m\u1ecbn v\u00e0 m\u1ea1ng l\u01b0\u1edbi kim c\u01b0\u01a1ng gi\u00fap c\u1ea3i thi\u1ec7n hi\u1ec7u su\u1ea5t sao l\u01b0u v\u00e0 gi\u1ea3m \u0111i\u1ec7n tr\u1edf<\/strong><\/p>\n<p><strong>\u2013 S\u1eed d\u1ee5ng h\u1ee3p kim m\u1edbi gi\u00fap c\u1ea3i thi\u1ec7n c\u00e1c \u0111\u1eb7c t\u00ednh b\u1ea3o tr\u00ec, ph\u1ee5c h\u1ed3i x\u1ea3 s\u00e2u<\/strong><\/p>\n<p><strong>\u2013 C\u00f4ng ngh\u1ec7 t\u1ea5m c\u00f3 \u0111\u1ed9 b\u1ec1n cao mang l\u1ea1i tu\u1ed5i th\u1ecd l\u00e2u h\u01a1n.<\/strong><\/p>\n<p><strong>\u2013 V\u1ecf b\u00ecnh v\u00e0 n\u1eafp b\u00ecnh l\u00e0m b\u1eb1ng nh\u1ef1a ABS, HBO n\u00ean kh\u1ea3 n\u0103ng ch\u1ed1ng ch\u00e1y t\u1ed1t, th\u00e2n thi\u1ec7n m\u00f4i tr\u01b0\u1eddng<\/strong><\/p>\n<p><strong>\u2013 B\u1ed9 ph\u1eadn l\u1ecdc ch\u1ed1ng b\u1eaft l\u1eeda,ho\u1ea1t ch\u1ea5t \u0111\u1eb7c bi\u1ec7t gi\u00fap ng\u0103n ng\u1eeba s\u1ef1 bi\u1ebfn \u0111\u1ed5i \u0111\u1ed9t ng\u1ed9t c\u1ee7a \u1eafc quy n\u00ean t\u0103ng \u0111\u1ed9 an to\u00e0n khi s\u1eed d\u1ee5ng\u00a0<\/strong><\/p>\n<p><strong>Ch\u00fa \u00fd:<\/strong><\/p>\n<p><strong>\u2013 Lu\u00f4n \u0111\u1ec3 b\u00ecnh kh\u00f4 ROCKET th\u1eb3ng \u0111\u1ee9ng, tr\u00e1nh ti\u1ebfp x\u00fac tr\u1ef1c ti\u1ebfp v\u1edbi \u00e1nh n\u1eafng m\u1eb7t tr\u1eddi.<\/strong><\/p>\n<p><strong>\u2013 Gi\u1eef \u1eafc quy\u00a0s\u1ea1ch s\u1ebd v\u00e0 lu\u00f4n lu\u00f4n l\u01b0u tr\u1eef \u1edf n\u01a1i m\u00e1t m\u1ebb, kh\u00f4 r\u00e1o.<\/strong><\/p>\n<p><strong>\u2013 Kh\u00f4ng bao gi\u1edd x\u1ebfp ch\u1ed3ng l\u00ean tr\u00ean 4 l\u1edbp.<\/strong><\/p>\n<p>&nbsp;<\/p>\n","protected":false},"excerpt":{"rendered":"<p>\u0110\u1eb6C \u0110I\u1ec2M S\u1ea2N PH\u1ea8M \u00a0 C\u00f4ng ngh\u1ec7 Rocket ho\u00e0n h\u1ea3o Dung l\u01b0\u1ee3ng 12V \u2013 45AH K\u00edch th\u01b0\u1edbc 238 x 139 x 201 (d\u00e0i x r\u1ed9ng x cao) H\u00e3ng s\u1ea3n xu\u1ea5t SEBANG GLOBAL BATTERY CO.,LTD Xu\u1ea5t X\u1ee9 NH\u1eacP KH\u1ea8U 100% H\u00c0N QU\u1ed0C S\u1ea3n ph\u1ea9m \u1eaec Quy ROCKET 12V 45AH RP45\u221212 M\u00f4 T\u1ea3:\u00a0B\u00ecnh ROCKET \u00a0c\u1ecdc v\u00edt ti\u00eau [&hellip;]<\/p>\n","protected":false},"featured_media":0,"comment_status":"closed","ping_status":"closed","template":"","meta":[],"yoast_head":"<!-- This site is optimized with the Yoast SEO plugin v16.0.2 - https:\/\/yoast.com\/wordpress\/plugins\/seo\/ -->\n<title>RP 45\u221212 12V 45AH C\u1ecdc v\u00edt - Rocket Battery<\/title>\n<meta property=\"og:locale\" content=\"vi_VN\" \/>\n<meta property=\"og:type\" content=\"article\" \/>\n<meta property=\"og:title\" content=\"RP 45\u221212 12V 45AH C\u1ecdc v\u00edt - Rocket Battery\" \/>\n<meta property=\"og:description\" content=\"\u0110\u1eb6C \u0110I\u1ec2M S\u1ea2N PH\u1ea8M \u00a0 C\u00f4ng ngh\u1ec7 Rocket ho\u00e0n h\u1ea3o Dung l\u01b0\u1ee3ng 12V \u2013 45AH K\u00edch th\u01b0\u1edbc 238 x 139 x 201 (d\u00e0i x r\u1ed9ng x cao) H\u00e3ng s\u1ea3n xu\u1ea5t SEBANG GLOBAL BATTERY CO.,LTD Xu\u1ea5t X\u1ee9 NH\u1eacP KH\u1ea8U 100% H\u00c0N QU\u1ed0C S\u1ea3n ph\u1ea9m \u1eaec Quy ROCKET 12V 45AH RP45\u221212 M\u00f4 T\u1ea3:\u00a0B\u00ecnh ROCKET \u00a0c\u1ecdc v\u00edt ti\u00eau [&hellip;]\" \/>\n<meta property=\"og:url\" content=\"https:\/\/khachhang4.web3b.com\/rocketbattery\/san-pham\/rp-45\u221212-12v-45ah-coc-vit\/\" \/>\n<meta property=\"og:site_name\" content=\"Rocket Battery\" \/>\n<meta property=\"article:modified_time\" content=\"2021-04-09T07:20:49+00:00\" \/>\n<meta name=\"twitter:card\" content=\"summary_large_image\" \/>\n<meta name=\"twitter:label1\" content=\"\u01af\u1edbc t\u00ednh th\u1eddi gian \u0111\u1ecdc\">\n\t<meta name=\"twitter:data1\" content=\"2 ph\u00fat\">\n<script type=\"application\/ld+json\" class=\"yoast-schema-graph\">{\"@context\":\"https:\/\/schema.org\",\"@graph\":[{\"@type\":\"WebSite\",\"@id\":\"https:\/\/khachhang4.web3b.com\/rocketbattery\/#website\",\"url\":\"https:\/\/khachhang4.web3b.com\/rocketbattery\/\",\"name\":\"Rocket Battery\",\"description\":\"\",\"potentialAction\":[{\"@type\":\"SearchAction\",\"target\":\"https:\/\/khachhang4.web3b.com\/rocketbattery\/?s={search_term_string}\",\"query-input\":\"required name=search_term_string\"}],\"inLanguage\":\"vi\"},{\"@type\":\"WebPage\",\"@id\":\"https:\/\/khachhang4.web3b.com\/rocketbattery\/san-pham\/rp-45%e2%88%9212-12v-45ah-coc-vit\/#webpage\",\"url\":\"https:\/\/khachhang4.web3b.com\/rocketbattery\/san-pham\/rp-45%e2%88%9212-12v-45ah-coc-vit\/\",\"name\":\"RP 45\\u221212 12V 45AH C\\u1ecdc v\\u00edt - Rocket Battery\",\"isPartOf\":{\"@id\":\"https:\/\/khachhang4.web3b.com\/rocketbattery\/#website\"},\"datePublished\":\"2021-04-09T07:20:48+00:00\",\"dateModified\":\"2021-04-09T07:20:49+00:00\",\"breadcrumb\":{\"@id\":\"https:\/\/khachhang4.web3b.com\/rocketbattery\/san-pham\/rp-45%e2%88%9212-12v-45ah-coc-vit\/#breadcrumb\"},\"inLanguage\":\"vi\",\"potentialAction\":[{\"@type\":\"ReadAction\",\"target\":[\"https:\/\/khachhang4.web3b.com\/rocketbattery\/san-pham\/rp-45%e2%88%9212-12v-45ah-coc-vit\/\"]}]},{\"@type\":\"BreadcrumbList\",\"@id\":\"https:\/\/khachhang4.web3b.com\/rocketbattery\/san-pham\/rp-45%e2%88%9212-12v-45ah-coc-vit\/#breadcrumb\",\"itemListElement\":[{\"@type\":\"ListItem\",\"position\":1,\"item\":{\"@type\":\"WebPage\",\"@id\":\"https:\/\/khachhang4.web3b.com\/rocketbattery\/\",\"url\":\"https:\/\/khachhang4.web3b.com\/rocketbattery\/\",\"name\":\"Trang ch\\u1ee7\"}},{\"@type\":\"ListItem\",\"position\":2,\"item\":{\"@type\":\"WebPage\",\"@id\":\"https:\/\/khachhang4.web3b.com\/rocketbattery\/san-pham\/\",\"url\":\"https:\/\/khachhang4.web3b.com\/rocketbattery\/san-pham\/\",\"name\":\"S\\u1ea3n ph\\u1ea9m\"}},{\"@type\":\"ListItem\",\"position\":3,\"item\":{\"@type\":\"WebPage\",\"@id\":\"https:\/\/khachhang4.web3b.com\/rocketbattery\/san-pham\/rp-45%e2%88%9212-12v-45ah-coc-vit\/\",\"url\":\"https:\/\/khachhang4.web3b.com\/rocketbattery\/san-pham\/rp-45%e2%88%9212-12v-45ah-coc-vit\/\",\"name\":\"RP 45\\u221212 12V 45AH C\\u1ecdc v\\u00edt\"}}]}]}<\/script>\n<!-- \/ Yoast SEO plugin. -->","_links":{"self":[{"href":"https:\/\/khachhang4.web3b.com\/rocketbattery\/wp-json\/wp\/v2\/product\/927"}],"collection":[{"href":"https:\/\/khachhang4.web3b.com\/rocketbattery\/wp-json\/wp\/v2\/product"}],"about":[{"href":"https:\/\/khachhang4.web3b.com\/rocketbattery\/wp-json\/wp\/v2\/types\/product"}],"replies":[{"embeddable":true,"href":"https:\/\/khachhang4.web3b.com\/rocketbattery\/wp-json\/wp\/v2\/comments?post=927"}],"wp:attachment":[{"href":"https:\/\/khachhang4.web3b.com\/rocketbattery\/wp-json\/wp\/v2\/media?parent=927"}],"curies":[{"name":"wp","href":"https:\/\/api.w.org\/{rel}","templated":true}]}}